{"id":2384,"date":"2021-03-25T11:47:59","date_gmt":"2021-03-25T16:47:59","guid":{"rendered":"https:\/\/www.stoptheclot.org\/spreadtheword\/?page_id=2384"},"modified":"2021-03-26T09:40:22","modified_gmt":"2021-03-26T14:40:22","slug":"pregnancy-related-risk-factors-checklist-spanish","status":"publish","type":"page","link":"https:\/\/www.stoptheclot.org\/spreadtheword\/pregnancy-related-risk-factors-checklist-spanish\/","title":{"rendered":"Lista de verificaci\u00f3n"},"content":{"rendered":"[vc_row css=&#8221;.vc_custom_1565108755911{margin-top: 30px !important;}&#8221;][vc_column][mk_fancy_title tag_name=&#8221;span&#8221; margin_bottom=&#8221;0&#8243; font_family=&#8221;none&#8221;]<a style=\"color: #af1e2d;\" href=\"https:\/\/www.stoptheclot.org\/spreadtheword\/wp-content\/uploads\/2021\/03\/nbca2001.pregnancy-spanish-prevention-plan-32521.pdf\">Descargar<\/a>\u00a0<span class=\"file-details\">[PDF \u2013 584 KB]<\/span>[\/mk_fancy_title][\/vc_column][\/vc_row][vc_row css=&#8221;.vc_custom_1595881800593{margin-top: 20px !important;margin-bottom: 30px !important;background-color: #ffffff !important;}&#8221;][vc_column width=&#8221;5\/6&#8243;][mk_image src=&#8221;https:\/\/www.stoptheclot.org\/spreadtheword\/wp-content\/uploads\/2019\/08\/stop-the-clot-logo-header-1.jpg&#8221; image_size=&#8221;full&#8221; margin_bottom=&#8221;0&#8243;][\/vc_column][vc_column width=&#8221;1\/6&#8243;][mk_image src=&#8221;https:\/\/www.stoptheclot.org\/spreadtheword\/wp-content\/uploads\/2020\/07\/pregnancy-icon.png&#8221; image_size=&#8221;full&#8221; align=&#8221;center&#8221; margin_bottom=&#8221;0&#8243;][\/vc_column][\/vc_row][vc_row css=&#8221;.vc_custom_1595881786939{background-color: #ffffff !important;}&#8221;][vc_column][mk_fancy_title color=&#8221;#b11b29&#8243; size=&#8221;28&#8243; font_weight=&#8221;400&#8243; txt_transform=&#8221;none&#8221; margin_bottom=&#8221;0&#8243; font_family=&#8221;none&#8221; align=&#8221;center&#8221;]\u00bfEst\u00e1 esperando o acaba de tener un beb\u00e9? No deje que un co\u00e1gulo de<br \/>\nsangre le arruine su alegr\u00eda.[\/mk_fancy_title][mk_fancy_title color=&#8221;#0a0101&#8243; size=&#8221;28&#8243; font_weight=&#8221;400&#8243; txt_transform=&#8221;none&#8221; margin_bottom=&#8221;0&#8243; font_family=&#8221;none&#8221; align=&#8221;center&#8221;]Hable con su m\u00e9dico sobre esta lista de verificaci\u00f3n.[\/mk_fancy_title][\/vc_column][\/vc_row][vc_row css=&#8221;.vc_custom_1565106061756{margin-top: 15px !important;background-color: #af1f2d !important;}&#8221;][vc_column width=&#8221;1\/2&#8243;][mk_fancy_title color=&#8221;#ffffff&#8221; size=&#8221;16&#8243; line_height=&#8221;101&#8243; font_weight=&#8221;bold&#8221; font_style=&#8221;normal&#8221; margin_top=&#8221;27&#8243; margin_bottom=&#8221;0&#8243; font_family=&#8221;none&#8221; drop_shadow=&#8221;true&#8221;]\n<ol>\n<li>Conozca su riesgo<\/li>\n<\/ol>\n[\/mk_fancy_title][\/vc_column][vc_column width=&#8221;1\/2&#8243;][mk_fancy_title color=&#8221;#ffffff&#8221; size=&#8221;16&#8243; font_weight=&#8221;bold&#8221; margin_top=&#8221;18&#8243; margin_bottom=&#8221;0&#8243; font_family=&#8221;none&#8221; align=&#8221;center&#8221;]\n<p style=\"text-align: left;\">2. Hable con su m\u00e9dico para saber si ser\u00eda \u00fatil tener un<br \/>\nplan de prevenci\u00f3n<\/p>\n[\/mk_fancy_title][\/vc_column][\/vc_row][vc_row css=&#8221;.vc_custom_1565703419970{padding-top: 30px !important;padding-right: 30px !important;padding-bottom: 30px !important;padding-left: 30px !important;background-color: #ffffff !important;}&#8221;][vc_column width=&#8221;1\/2&#8243;][mk_fancy_title color=&#8221;#0a0a0a&#8221; font_weight=&#8221;bold&#8221; margin_bottom=&#8221;0&#8243; font_family=&#8221;none&#8221;]Factores que aumentan el riesgo de tener co\u00e1gulos de sangre durante<br \/>\nel embarazo:[\/mk_fancy_title][mk_custom_list style=&#8221;mk-moon-checkbox-unchecked-2&#8243; icon_color=&#8221;#0a0000&#8243; margin_bottom=&#8221;20&#8243;]\n<ul>\n<li>Inmovilidad prolongada por guardar reposo en cama durante el embarazo o durante la recuperaci\u00f3n despu\u00e9s del parto<\/li>\n<li>Parto por ces\u00e1rea<\/li>\n<li>Un co\u00e1gulo de sangre anterior, antecedentes familiares de co\u00e1gulos de sangre o un trastorno gen\u00e9tico de la coagulaci\u00f3n<\/li>\n<li>Ciertas complicaciones y situaciones del embarazo, como los embarazos m\u00faltiples o el uso de tratamientos de fertilidad con hormonas<\/li>\n<\/ul>\n[\/mk_custom_list][mk_fancy_title color=&#8221;#0a0a0a&#8221; font_weight=&#8221;bold&#8221; margin_bottom=&#8221;0&#8243; font_family=&#8221;none&#8221;]Factores adicionales que aumentan el riesgo:[\/mk_fancy_title][mk_custom_list style=&#8221;mk-moon-checkbox-unchecked-2&#8243; icon_color=&#8221;#0a0000&#8243; margin_bottom=&#8221;0&#8243;]\n<ul>\n<li>Tabaquismo<\/li>\n<li>Sobrepeso u obesidad<\/li>\n<li>Inmovilidad prolongada, como durante los viajes de 4 horas o m\u00e1s<\/li>\n<li>Operaciones<\/li>\n<li>Embarazo a los 35 a\u00f1os o m\u00e1s<\/li>\n<li>Enfermedades de largo plazo, como las afecciones cardiacas y pulmonares o la diabetes<\/li>\n<\/ul>\n[\/mk_custom_list][\/vc_column][vc_column width=&#8221;1\/2&#8243; css=&#8221;.vc_custom_1594691739048{border-left-width: 1px !important;border-left-color: #000000 !important;border-left-style: solid !important;border-radius: 1px !important;}&#8221;][mk_custom_list style=&#8221;mk-moon-checkbox-unchecked-2&#8243; icon_color=&#8221;#0a0000&#8243; margin_bottom=&#8221;0&#8243;]\n<ul>\n<li>Hable con su familia acerca de sus antecedentes m\u00e9dicos y d\u00edgale al m\u00e9dico si usted o alguien en su familia han tenido co\u00e1gulos de sangre alguna vez.<\/li>\n<li>Hable con su m\u00e9dico sobre todos los posibles riesgos que tiene de que se le forme un co\u00e1gulo de sangre.<\/li>\n<li>Trabaje con el m\u00e9dico para reducir el riesgo de tener co\u00e1gulos de sangre, especialmente si est\u00e1 guardando reposo en cama o ha tenido una ces\u00e1rea.<\/li>\n<li>Haga tanto ejercicio como le recomiende el m\u00e9dico.<\/li>\n<li>Si pasa mucho tiempo sentada, mu\u00e9vase o ejercite las piernas con cada 1-2 horas.<\/li>\n<li>Beba abundantes l\u00edquidos.<\/li>\n<li>Tome los medicamentos tal como se lo indiquen y use los dispositivos de compresi\u00f3n seg\u00fan las instrucciones a fin de mejorar la circulaci\u00f3n sangu\u00ednea.<\/li>\n<li>Take medications as prescribed and use compression devices as directed to improve blood flow.<\/li>\n<\/ul>\n[\/mk_custom_list][\/vc_column][\/vc_row][vc_row css=&#8221;.vc_custom_1565106061756{margin-top: 15px !important;background-color: #af1f2d !important;}&#8221;][vc_column][mk_fancy_title color=&#8221;#ffffff&#8221; size=&#8221;20&#8243; font_weight=&#8221;bold&#8221; margin_top=&#8221;18&#8243; margin_bottom=&#8221;0&#8243; font_family=&#8221;none&#8221; align=&#8221;center&#8221;]\n<p style=\"text-align: left;\">3. Reconozca los signos y s\u00edntomas<\/p>\n[\/mk_fancy_title][\/vc_column][\/vc_row][vc_row css=&#8221;.vc_custom_1565703888769{padding-top: 30px !important;padding-right: 30px !important;padding-bottom: 30px !important;padding-left: 30px !important;background-color: #ffffff !important;}&#8221;][vc_column][mk_fancy_title color=&#8221;#0a0a0a&#8221; font_weight=&#8221;bold&#8221; margin_bottom=&#8221;0&#8243; font_family=&#8221;none&#8221;]Busque atenci\u00f3n m\u00e9dica si tiene alguno de los signos o s\u00edntomas de los co\u00e1gulos de sangre:[\/mk_fancy_title][\/vc_column][vc_column width=&#8221;1\/2&#8243;][mk_custom_list style=&#8221;mk-moon-checkbox-unchecked-2&#8243; icon_color=&#8221;#0a0000&#8243; margin_bottom=&#8221;0&#8243;]<span style=\"color: #b11b29;\"><strong>Co\u00e1gulos de sangre en las piernas o los brazos:<\/strong><\/span><\/p>\n<ul>\n<li>Hinchaz\u00f3n de las piernas o los brazos<\/li>\n<li>Dolor o sensibilidad que no son causados por una lesi\u00f3n<\/li>\n<li>Piel que est\u00e1 caliente al tacto o enrojecida o ha cambiado de color<\/li>\n<\/ul>\n<p><em>Si tiene cualquiera de estos signos o s\u00edntomas, alerte al m\u00e9dico lo antes posible.<\/em>[\/mk_custom_list][\/vc_column][vc_column width=&#8221;1\/2&#8243;][mk_custom_list style=&#8221;mk-moon-checkbox-unchecked-2&#8243; icon_color=&#8221;#0a0000&#8243; margin_bottom=&#8221;0&#8243;]<span style=\"color: #b11b29;\"><strong>Co\u00e1gulos de sangre en los pulmones:<\/strong><\/span><\/p>\n<ul>\n<li>Dificultad para respira<\/li>\n<li>Dolor en el pecho que empeora al respirar hondo o toser<\/li>\n<li>Tos con sangre<\/li>\n<li>Latidos del coraz\u00f3n m\u00e1s r\u00e1pidos de lo normal o irregulares<\/li>\n<\/ul>\n<p><em>Busque atenci\u00f3n m\u00e9dica de inmediato si presenta alguno de estos signos o s\u00edntomas<\/em>[\/mk_custom_list][\/vc_column][\/vc_row][vc_row css=&#8221;.vc_custom_1565704250220{margin-bottom: 30px !important;background-color: #ffffff !important;}&#8221;][vc_column][vc_column_text css=&#8221;.vc_custom_1616769620752{margin-bottom: 0px !important;}&#8221;]Para obtener m\u00e1s informaci\u00f3n, visite <span style=\"color: #b11b29;\">e stoptheclot.org\/spreadtheword\/es\/?lang=es.<\/span>[\/vc_column_text][\/vc_column][\/vc_row]\n","protected":false},"excerpt":{"rendered":"<p>[vc_row css=&#8221;.vc_custom_1565108755911{margin-top: 30px !important;}&#8221;][vc_column][mk_fancy_title tag_name=&#8221;span&#8221; margin_bottom=&#8221;0&#8243; font_family=&#8221;none&#8221;]Descargar\u00a0[PDF \u2013 584 KB][\/mk_fancy_title][\/vc_column][\/vc_row][vc_row css=&#8221;.vc_custom_1595881800593{margin-top: 20px !important;margin-bottom: 30px !important;background-color: #ffffff !important;}&#8221;][vc_column width=&#8221;5\/6&#8243;][mk_image src=&#8221;https:\/\/www.stoptheclot.org\/spreadtheword\/wp-content\/uploads\/2019\/08\/stop-the-clot-logo-header-1.jpg&#8221; image_size=&#8221;full&#8221; margin_bottom=&#8221;0&#8243;][\/vc_column][vc_column width=&#8221;1\/6&#8243;][mk_image src=&#8221;https:\/\/www.stoptheclot.org\/spreadtheword\/wp-content\/uploads\/2020\/07\/pregnancy-icon.png&#8221; image_size=&#8221;full&#8221; align=&#8221;center&#8221; margin_bottom=&#8221;0&#8243;][\/vc_column][\/vc_row][vc_row css=&#8221;.vc_custom_1595881786939{background-color: #ffffff !important;}&#8221;][vc_column][mk_fancy_title color=&#8221;#b11b29&#8243; size=&#8221;28&#8243; font_weight=&#8221;400&#8243; txt_transform=&#8221;none&#8221; margin_bottom=&#8221;0&#8243; font_family=&#8221;none&#8221; align=&#8221;center&#8221;]\u00bfEst\u00e1 esperando o acaba de tener un beb\u00e9? No deje que un co\u00e1gulo de sangre le arruine su alegr\u00eda.[\/mk_fancy_title][mk_fancy_title color=&#8221;#0a0101&#8243; [&hellip;]<\/p>\n","protected":false},"author":5,"featured_media":0,"parent":0,"menu_order":0,"comment_status":"closed","ping_status":"closed","template":"","meta":[],"acf":[],"yoast_head":"<!-- This site is optimized with the Yoast SEO plugin v19.6.1 - https:\/\/yoast.com\/wordpress\/plugins\/seo\/ -->\n<title>Lista de verificaci\u00f3n - Stop The Clot, Spread The Word\u00ae<\/title>\n<meta name=\"robots\" content=\"index, follow, max-snippet:-1, max-image-preview:large, max-video-preview:-1\" \/>\n<link rel=\"canonical\" href=\"https:\/\/www.stoptheclot.org\/spreadtheword\/pregnancy-related-risk-factors-checklist-spanish\/\" \/>\n<meta property=\"og:locale\" content=\"en_US\" \/>\n<meta property=\"og:type\" content=\"article\" \/>\n<meta property=\"og:title\" content=\"Lista de verificaci\u00f3n - Stop The Clot, Spread The Word\u00ae\" \/>\n<meta property=\"og:description\" content=\"[vc_row css=&#8221;.vc_custom_1565108755911{margin-top: 30px !important;}&#8221;][vc_column][mk_fancy_title tag_name=&#8221;span&#8221; margin_bottom=&#8221;0&#8243; font_family=&#8221;none&#8221;]Descargar\u00a0[PDF \u2013 584 KB][\/mk_fancy_title][\/vc_column][\/vc_row][vc_row css=&#8221;.vc_custom_1595881800593{margin-top: 20px !important;margin-bottom: 30px !important;background-color: #ffffff !important;}&#8221;][vc_column width=&#8221;5\/6&#8243;][mk_image src=&#8221;https:\/\/www.stoptheclot.org\/spreadtheword\/wp-content\/uploads\/2019\/08\/stop-the-clot-logo-header-1.jpg&#8221; image_size=&#8221;full&#8221; margin_bottom=&#8221;0&#8243;][\/vc_column][vc_column width=&#8221;1\/6&#8243;][mk_image src=&#8221;https:\/\/www.stoptheclot.org\/spreadtheword\/wp-content\/uploads\/2020\/07\/pregnancy-icon.png&#8221; image_size=&#8221;full&#8221; align=&#8221;center&#8221; margin_bottom=&#8221;0&#8243;][\/vc_column][\/vc_row][vc_row css=&#8221;.vc_custom_1595881786939{background-color: #ffffff !important;}&#8221;][vc_column][mk_fancy_title color=&#8221;#b11b29&#8243; size=&#8221;28&#8243; font_weight=&#8221;400&#8243; txt_transform=&#8221;none&#8221; margin_bottom=&#8221;0&#8243; font_family=&#8221;none&#8221; align=&#8221;center&#8221;]\u00bfEst\u00e1 esperando o acaba de tener un beb\u00e9? No deje que un co\u00e1gulo de sangre le arruine su alegr\u00eda.[\/mk_fancy_title][mk_fancy_title color=&#8221;#0a0101&#8243; [&hellip;]\" \/>\n<meta property=\"og:url\" content=\"https:\/\/www.stoptheclot.org\/spreadtheword\/pregnancy-related-risk-factors-checklist-spanish\/\" \/>\n<meta property=\"og:site_name\" content=\"Stop The Clot, Spread The Word\u00ae\" \/>\n<meta property=\"article:modified_time\" content=\"2021-03-26T14:40:22+00:00\" \/>\n<meta name=\"twitter:label1\" content=\"Est. reading time\" \/>\n\t<meta name=\"twitter:data1\" content=\"5 minutes\" \/>\n<script type=\"application\/ld+json\" class=\"yoast-schema-graph\">{\"@context\":\"https:\/\/schema.org\",\"@graph\":[{\"@type\":\"WebPage\",\"@id\":\"https:\/\/www.stoptheclot.org\/spreadtheword\/pregnancy-related-risk-factors-checklist-spanish\/\",\"url\":\"https:\/\/www.stoptheclot.org\/spreadtheword\/pregnancy-related-risk-factors-checklist-spanish\/\",\"name\":\"Lista de verificaci\u00f3n - Stop The Clot, Spread The Word\u00ae\",\"isPartOf\":{\"@id\":\"https:\/\/www.stoptheclot.org\/spreadtheword\/#website\"},\"datePublished\":\"2021-03-25T16:47:59+00:00\",\"dateModified\":\"2021-03-26T14:40:22+00:00\",\"breadcrumb\":{\"@id\":\"https:\/\/www.stoptheclot.org\/spreadtheword\/pregnancy-related-risk-factors-checklist-spanish\/#breadcrumb\"},\"inLanguage\":\"en-US\",\"potentialAction\":[{\"@type\":\"ReadAction\",\"target\":[\"https:\/\/www.stoptheclot.org\/spreadtheword\/pregnancy-related-risk-factors-checklist-spanish\/\"]}]},{\"@type\":\"BreadcrumbList\",\"@id\":\"https:\/\/www.stoptheclot.org\/spreadtheword\/pregnancy-related-risk-factors-checklist-spanish\/#breadcrumb\",\"itemListElement\":[{\"@type\":\"ListItem\",\"position\":1,\"name\":\"Home\",\"item\":\"https:\/\/www.stoptheclot.org\/spreadtheword\/\"},{\"@type\":\"ListItem\",\"position\":2,\"name\":\"Lista de verificaci\u00f3n\"}]},{\"@type\":\"WebSite\",\"@id\":\"https:\/\/www.stoptheclot.org\/spreadtheword\/#website\",\"url\":\"https:\/\/www.stoptheclot.org\/spreadtheword\/\",\"name\":\"Stop The Clot, Spread The Word\u00ae\",\"description\":\"\",\"potentialAction\":[{\"@type\":\"SearchAction\",\"target\":{\"@type\":\"EntryPoint\",\"urlTemplate\":\"https:\/\/www.stoptheclot.org\/spreadtheword\/?s={search_term_string}\"},\"query-input\":\"required name=search_term_string\"}],\"inLanguage\":\"en-US\"}]}<\/script>\n<!-- \/ Yoast SEO plugin. -->","yoast_head_json":{"title":"Lista de verificaci\u00f3n - Stop The Clot, Spread The Word\u00ae","robots":{"index":"index","follow":"follow","max-snippet":"max-snippet:-1","max-image-preview":"max-image-preview:large","max-video-preview":"max-video-preview:-1"},"canonical":"https:\/\/www.stoptheclot.org\/spreadtheword\/pregnancy-related-risk-factors-checklist-spanish\/","og_locale":"en_US","og_type":"article","og_title":"Lista de verificaci\u00f3n - Stop The Clot, Spread The Word\u00ae","og_description":"[vc_row css=&#8221;.vc_custom_1565108755911{margin-top: 30px !important;}&#8221;][vc_column][mk_fancy_title tag_name=&#8221;span&#8221; margin_bottom=&#8221;0&#8243; font_family=&#8221;none&#8221;]Descargar\u00a0[PDF \u2013 584 KB][\/mk_fancy_title][\/vc_column][\/vc_row][vc_row css=&#8221;.vc_custom_1595881800593{margin-top: 20px !important;margin-bottom: 30px !important;background-color: #ffffff !important;}&#8221;][vc_column width=&#8221;5\/6&#8243;][mk_image src=&#8221;https:\/\/www.stoptheclot.org\/spreadtheword\/wp-content\/uploads\/2019\/08\/stop-the-clot-logo-header-1.jpg&#8221; image_size=&#8221;full&#8221; margin_bottom=&#8221;0&#8243;][\/vc_column][vc_column width=&#8221;1\/6&#8243;][mk_image src=&#8221;https:\/\/www.stoptheclot.org\/spreadtheword\/wp-content\/uploads\/2020\/07\/pregnancy-icon.png&#8221; image_size=&#8221;full&#8221; align=&#8221;center&#8221; margin_bottom=&#8221;0&#8243;][\/vc_column][\/vc_row][vc_row css=&#8221;.vc_custom_1595881786939{background-color: #ffffff !important;}&#8221;][vc_column][mk_fancy_title color=&#8221;#b11b29&#8243; size=&#8221;28&#8243; font_weight=&#8221;400&#8243; txt_transform=&#8221;none&#8221; margin_bottom=&#8221;0&#8243; font_family=&#8221;none&#8221; align=&#8221;center&#8221;]\u00bfEst\u00e1 esperando o acaba de tener un beb\u00e9? No deje que un co\u00e1gulo de sangre le arruine su alegr\u00eda.[\/mk_fancy_title][mk_fancy_title color=&#8221;#0a0101&#8243; [&hellip;]","og_url":"https:\/\/www.stoptheclot.org\/spreadtheword\/pregnancy-related-risk-factors-checklist-spanish\/","og_site_name":"Stop The Clot, Spread The Word\u00ae","article_modified_time":"2021-03-26T14:40:22+00:00","twitter_misc":{"Est. reading time":"5 minutes"},"schema":{"@context":"https:\/\/schema.org","@graph":[{"@type":"WebPage","@id":"https:\/\/www.stoptheclot.org\/spreadtheword\/pregnancy-related-risk-factors-checklist-spanish\/","url":"https:\/\/www.stoptheclot.org\/spreadtheword\/pregnancy-related-risk-factors-checklist-spanish\/","name":"Lista de verificaci\u00f3n - Stop The Clot, Spread The Word\u00ae","isPartOf":{"@id":"https:\/\/www.stoptheclot.org\/spreadtheword\/#website"},"datePublished":"2021-03-25T16:47:59+00:00","dateModified":"2021-03-26T14:40:22+00:00","breadcrumb":{"@id":"https:\/\/www.stoptheclot.org\/spreadtheword\/pregnancy-related-risk-factors-checklist-spanish\/#breadcrumb"},"inLanguage":"en-US","potentialAction":[{"@type":"ReadAction","target":["https:\/\/www.stoptheclot.org\/spreadtheword\/pregnancy-related-risk-factors-checklist-spanish\/"]}]},{"@type":"BreadcrumbList","@id":"https:\/\/www.stoptheclot.org\/spreadtheword\/pregnancy-related-risk-factors-checklist-spanish\/#breadcrumb","itemListElement":[{"@type":"ListItem","position":1,"name":"Home","item":"https:\/\/www.stoptheclot.org\/spreadtheword\/"},{"@type":"ListItem","position":2,"name":"Lista de verificaci\u00f3n"}]},{"@type":"WebSite","@id":"https:\/\/www.stoptheclot.org\/spreadtheword\/#website","url":"https:\/\/www.stoptheclot.org\/spreadtheword\/","name":"Stop The Clot, Spread The Word\u00ae","description":"","potentialAction":[{"@type":"SearchAction","target":{"@type":"EntryPoint","urlTemplate":"https:\/\/www.stoptheclot.org\/spreadtheword\/?s={search_term_string}"},"query-input":"required name=search_term_string"}],"inLanguage":"en-US"}]}},"_links":{"self":[{"href":"https:\/\/www.stoptheclot.org\/spreadtheword\/wp-json\/wp\/v2\/pages\/2384"}],"collection":[{"href":"https:\/\/www.stoptheclot.org\/spreadtheword\/wp-json\/wp\/v2\/pages"}],"about":[{"href":"https:\/\/www.stoptheclot.org\/spreadtheword\/wp-json\/wp\/v2\/types\/page"}],"author":[{"embeddable":true,"href":"https:\/\/www.stoptheclot.org\/spreadtheword\/wp-json\/wp\/v2\/users\/5"}],"replies":[{"embeddable":true,"href":"https:\/\/www.stoptheclot.org\/spreadtheword\/wp-json\/wp\/v2\/comments?post=2384"}],"version-history":[{"count":6,"href":"https:\/\/www.stoptheclot.org\/spreadtheword\/wp-json\/wp\/v2\/pages\/2384\/revisions"}],"predecessor-version":[{"id":2402,"href":"https:\/\/www.stoptheclot.org\/spreadtheword\/wp-json\/wp\/v2\/pages\/2384\/revisions\/2402"}],"wp:attachment":[{"href":"https:\/\/www.stoptheclot.org\/spreadtheword\/wp-json\/wp\/v2\/media?parent=2384"}],"curies":[{"name":"wp","href":"https:\/\/api.w.org\/{rel}","templated":true}]}}