{"id":2224,"date":"2020-09-18T15:46:57","date_gmt":"2020-09-18T20:46:57","guid":{"rendered":"https:\/\/www.stoptheclot.org\/spreadtheword\/?page_id=2224"},"modified":"2020-10-01T09:32:49","modified_gmt":"2020-10-01T14:32:49","slug":"hospitalization-prevention-plan-checklist-2","status":"publish","type":"page","link":"https:\/\/www.stoptheclot.org\/spreadtheword\/hospitalization-prevention-plan-checklist-2\/","title":{"rendered":"Lista de verificaci\u00f3n del plan de prevenci\u00f3n de hospitalizaci\u00f3n"},"content":{"rendered":"[vc_row css=&#8221;.vc_custom_1565108755911{margin-top: 30px !important;}&#8221;][vc_column][mk_fancy_title tag_name=&#8221;span&#8221; margin_bottom=&#8221;0&#8243; font_family=&#8221;none&#8221;]<a href=\"https:\/\/www.stoptheclot.org\/spreadtheword\/wp-content\/uploads\/2020\/10\/prevention-plan-spanish.pdf\" target=\"_blank\" rel=\"noopener noreferrer\">Descargar<\/a>\u00a0<span class=\"file-details\">[PDF \u2013 631 KB]<\/span>[\/mk_fancy_title][\/vc_column][\/vc_row][vc_row css=&#8221;.vc_custom_1565707657804{margin-top: 20px !important;background-color: #ffffff !important;}&#8221;][vc_column][mk_image src=&#8221;https:\/\/www.stoptheclot.org\/spreadtheword\/wp-content\/uploads\/2020\/07\/stcsptw-header.jpg&#8221; image_size=&#8221;full&#8221; margin_bottom=&#8221;0&#8243;][\/vc_column][\/vc_row][vc_row css=&#8221;.vc_custom_1595878562910{padding-top: 30px !important;padding-right: 30px !important;padding-left: 30px !important;background-color: #ffffff !important;}&#8221;][vc_column][mk_fancy_title tag_name=&#8221;h1&#8243; color=&#8221;#000000&#8243; size=&#8221;20&#8243; font_weight=&#8221;400&#8243; txt_transform=&#8221;none&#8221; margin_bottom=&#8221;0&#8243; font_family=&#8221;none&#8221; align=&#8221;center&#8221;]\n<p style=\"text-align: center;\">\u00bfEn camino al hospital? Hable de esta lista de verificaci\u00f3n del plan de prevenci\u00f3n con el m\u00e9dico.<\/p>\n[\/mk_fancy_title][mk_fancy_title tag_name=&#8221;h1&#8243; color=&#8221;#b73838&#8243; size=&#8221;30&#8243; font_weight=&#8221;400&#8243; txt_transform=&#8221;none&#8221; margin_bottom=&#8221;0&#8243; font_family=&#8221;none&#8221; align=&#8221;center&#8221;]\n<p style=\"text-align: center;\">Mej\u00f3rese. No tenga un co\u00e1gulo de sangre.<\/p>\n[\/mk_fancy_title][\/vc_column][\/vc_row][vc_row css=&#8221;.vc_custom_1565106061756{margin-top: 15px !important;background-color: #af1f2d !important;}&#8221;][vc_column width=&#8221;1\/3&#8243;][mk_fancy_title size=&#8221;21&#8243; margin_top=&#8221;20&#8243; margin_bottom=&#8221;0&#8243; font_family=&#8221;none&#8221;]\n<p style=\"text-align: center;\"><strong><span style=\"color: #ffffff;\">Antes de ser hospitalizado<\/span><\/strong><\/p>\n[\/mk_fancy_title][\/vc_column][vc_column width=&#8221;1\/3&#8243;][mk_fancy_title size=&#8221;21&#8243; margin_top=&#8221;20&#8243; margin_bottom=&#8221;0&#8243; font_family=&#8221;none&#8221;]\n<p style=\"text-align: center;\"><strong><span style=\"color: #ffffff;\">Antes de salir del hospital<\/span><\/strong><\/p>\n[\/mk_fancy_title][\/vc_column][vc_column width=&#8221;1\/3&#8243;][mk_fancy_title size=&#8221;21&#8243; margin_top=&#8221;20&#8243; margin_bottom=&#8221;0&#8243; font_family=&#8221;none&#8221;]\n<p style=\"text-align: center;\"><strong><span style=\"color: #ffffff;\">Cuando vuelva a casa<\/span><\/strong><\/p>\n[\/mk_fancy_title][\/vc_column][\/vc_row][vc_row css=&#8221;.vc_custom_1565703419970{padding-top: 30px !important;padding-right: 30px !important;padding-bottom: 30px !important;padding-left: 30px !important;background-color: #ffffff !important;}&#8221;][vc_column width=&#8221;1\/3&#8243; css=&#8221;.vc_custom_1594755553223{border-top-width: 1px !important;border-right-width: 1px !important;border-bottom-width: 1px !important;border-left-width: 1px !important;padding-top: 1px !important;padding-right: 1px !important;padding-bottom: 1px !important;padding-left: 1px !important;background-color: #ffffff !important;border-left-color: #ffffff !important;border-left-style: solid !important;border-right-color: #ffffff !important;border-right-style: solid !important;border-top-color: #ffffff !important;border-top-style: solid !important;border-bottom-color: #ffffff !important;border-bottom-style: solid !important;border-radius: 1px !important;}&#8221;][mk_custom_list style=&#8221;mk-moon-checkbox-unchecked-2&#8243; icon_color=&#8221;#0a0000&#8243; margin_bottom=&#8221;0&#8243;]\n<ul>\n<li>Hable de sus factores de riesgos potenciales y antecedentes familiares con el m\u00e9dico.<\/li>\n<li>Pregunte si va a necesitar un tratamiento para prevenir co\u00e1gulos de sangre mientras est\u00e9 en el hospital.<\/li>\n<li>Aseg\u00farese de que todos sus m\u00e9dicos sepan del riesgo que tiene de presentar co\u00e1gulos de sangre y p\u00eddales un plan de prevenci\u00f3n.<\/li>\n<\/ul>\n[\/mk_custom_list][\/vc_column][vc_column width=&#8221;1\/3&#8243;][mk_custom_list style=&#8221;mk-moon-checkbox-unchecked-2&#8243; icon_color=&#8221;#0a0000&#8243; margin_bottom=&#8221;0&#8243;]\n<ul>\n<li>Preg\u00fantele a su m\u00e9dico c\u00f3mo prevenir co\u00e1gulos de sangre una vez que est\u00e9 en casa.<\/li>\n<li>Hable sobre los signos y s\u00edntomas de los co\u00e1gulos de sangre.<\/li>\n<li>Aseg\u00farese de saber qu\u00e9 hacer si tiene signos y s\u00edntomas de un co\u00e1gulo de sangre.<\/li>\n<\/ul>\n[\/mk_custom_list][\/vc_column][vc_column width=&#8221;1\/3&#8243;][mk_custom_list style=&#8221;mk-moon-checkbox-unchecked-2&#8243; icon_color=&#8221;#0a0000&#8243; margin_bottom=&#8221;0&#8243;]\n<ul>\n<li>Siga las instrucciones y tome los medicamentos como fueron recetados.<\/li>\n<li>Mu\u00e9vase. Si est\u00e1 confinado a una cama o silla de rueda, p\u00eddale a alguien que lo ayude a mover los brazos y las piernas.<\/li>\n<li>Los riesgos de co\u00e1gulos de sangre siguen existiendo 90 d\u00edas despu\u00e9s de una hospitalizaci\u00f3n u operaci\u00f3n. Av\u00edsele a su m\u00e9dico si tiene alg\u00fan signo o s\u00edntoma de un co\u00e1gulo de sangre.<\/li>\n<\/ul>\n[\/mk_custom_list][\/vc_column][\/vc_row][vc_row css=&#8221;.vc_custom_1595878450895{margin-top: 15px !important;background-color: #af1f2d !important;}&#8221;][vc_column width=&#8221;1\/3&#8243;][mk_fancy_title size=&#8221;21&#8243; margin_top=&#8221;20&#8243; margin_bottom=&#8221;0&#8243; font_family=&#8221;none&#8221;]\n<p style=\"text-align: center;\"><strong><span style=\"color: #ffffff;\">Factores de riesgo<\/span><\/strong><\/p>\n[\/mk_fancy_title][\/vc_column][vc_column width=&#8221;1\/3&#8243;][mk_fancy_title size=&#8221;21&#8243; margin_top=&#8221;20&#8243; margin_bottom=&#8221;0&#8243; font_family=&#8221;none&#8221;]\n<p style=\"text-align: center;\"><strong><span style=\"color: #ffffff;\">Signos y s\u00edntomas<\/span><\/strong><\/p>\n[\/mk_fancy_title][\/vc_column][vc_column width=&#8221;1\/3&#8243;][mk_fancy_title size=&#8221;21&#8243; margin_top=&#8221;20&#8243; margin_bottom=&#8221;0&#8243; font_family=&#8221;none&#8221;]\n<p style=\"text-align: center;\"><strong><span style=\"color: #ffffff;\">Mis notas<\/span><\/strong><\/p>\n[\/mk_fancy_title][\/vc_column][\/vc_row][vc_row css=&#8221;.vc_custom_1565703419970{padding-top: 30px !important;padding-right: 30px !important;padding-bottom: 30px !important;padding-left: 30px !important;background-color: #ffffff !important;}&#8221;][vc_column width=&#8221;1\/3&#8243;][mk_custom_list title=&#8221;Verifique los factores de riesgo que corresponden a su caso y hable con el m\u00e9dico de lo siguiente:&#8221; style=&#8221;mk-moon-checkbox-unchecked-2&#8243; icon_color=&#8221;#0a0000&#8243; margin_bottom=&#8221;0&#8243;]\n<ul>\n<li>Hospitalizaci\u00f3n, traumatismo f\u00edsico, operaciones.<\/li>\n<li>Falta de movilidad, estilo de vida inactivo.<\/li>\n<li>Embarazo y hasta 3 meses despu\u00e9s de que nazca el beb\u00e9.<\/li>\n<li>C\u00e1ncer y su tratamiento.<\/li>\n<li>Antecedentes familiares o personales de co\u00e1gulos de sangre.<\/li>\n<li>Uso de anticonceptivos o terapia hormonal con estr\u00f3geno.<\/li>\n<li>Tabaquismo.<\/li>\n<li>Sobrepeso.<\/li>\n<li>Tener 55 a\u00f1os o m\u00e1s.<\/li>\n<li>Afecciones de largo plazo, como afecciones cardiacas o pulmonares, o diabetes.<\/li>\n<\/ul>\n[\/mk_custom_list][\/vc_column][vc_column width=&#8221;1\/3&#8243;][mk_custom_list title=&#8221;Busque atenci\u00f3n inmediata si presenta signos o s\u00edntomas de un co\u00e1gulo de sangre:&#8221; style=&#8221;mk-moon-checkbox-unchecked-2&#8243; icon_color=&#8221;#0a0000&#8243; margin_bottom=&#8221;0&#8243;]<strong>Co\u00e1gulos de sangre en la pierna o el brazo:<\/strong><\/p>\n<ul>\n<li>Hinchaz\u00f3n de la pierna o el brazo<\/li>\n<li>Dolor o sensibilidad que no son causados por una lesi\u00f3n<\/li>\n<li>Piel que se siente caliente al tacto o que est\u00e1 enrojecida o descolorida<\/li>\n<\/ul>\n[\/mk_custom_list][mk_custom_list style=&#8221;mk-moon-checkbox-unchecked-2&#8243; icon_color=&#8221;#0a0000&#8243; margin_bottom=&#8221;0&#8243;]<strong>Co\u00e1gulos de sangre en los pulmones: <\/strong><\/p>\n<ul>\n<li>Dificultad para respirar<\/li>\n<li>Dolor en el pecho, que empeora con una inhalaci\u00f3n a profunda<\/li>\n<li>Toser o toser con sangre<\/li>\n<li>Latidos del coraz\u00f3n m\u00e1s r\u00e1pidos de lo normal o irregulares<\/li>\n<\/ul>\n[\/mk_custom_list][\/vc_column][vc_column width=&#8221;1\/3&#8243;][mk_custom_list style=&#8221;mk-moon-checkbox-unchecked-2&#8243; icon_color=&#8221;#0a0000&#8243; margin_bottom=&#8221;0&#8243;][\/mk_custom_list][\/vc_column][\/vc_row][vc_row css=&#8221;.vc_custom_1565704250220{margin-bottom: 30px !important;background-color: #ffffff !important;}&#8221;][vc_column][vc_column_text css=&#8221;.vc_custom_1600462014941{margin-bottom: 0px !important;}&#8221;]Para obtener m\u00e1s informaci\u00f3n, visite <strong>www.stoptheclot.org\/spreadtheword<\/strong>[\/vc_column_text][\/vc_column][\/vc_row]\n","protected":false},"excerpt":{"rendered":"<p>[vc_row css=&#8221;.vc_custom_1565108755911{margin-top: 30px !important;}&#8221;][vc_column][mk_fancy_title tag_name=&#8221;span&#8221; margin_bottom=&#8221;0&#8243; font_family=&#8221;none&#8221;]Descargar\u00a0[PDF \u2013 631 KB][\/mk_fancy_title][\/vc_column][\/vc_row][vc_row css=&#8221;.vc_custom_1565707657804{margin-top: 20px !important;background-color: #ffffff !important;}&#8221;][vc_column][mk_image src=&#8221;https:\/\/www.stoptheclot.org\/spreadtheword\/wp-content\/uploads\/2020\/07\/stcsptw-header.jpg&#8221; image_size=&#8221;full&#8221; margin_bottom=&#8221;0&#8243;][\/vc_column][\/vc_row][vc_row css=&#8221;.vc_custom_1595878562910{padding-top: 30px !important;padding-right: 30px !important;padding-left: 30px !important;background-color: #ffffff !important;}&#8221;][vc_column][mk_fancy_title tag_name=&#8221;h1&#8243; color=&#8221;#000000&#8243; size=&#8221;20&#8243; font_weight=&#8221;400&#8243; txt_transform=&#8221;none&#8221; margin_bottom=&#8221;0&#8243; font_family=&#8221;none&#8221; align=&#8221;center&#8221;] \u00bfEn camino al hospital? Hable de esta lista de verificaci\u00f3n del plan de prevenci\u00f3n con el m\u00e9dico. [\/mk_fancy_title][mk_fancy_title tag_name=&#8221;h1&#8243; color=&#8221;#b73838&#8243; [&hellip;]<\/p>\n","protected":false},"author":2,"featured_media":0,"parent":0,"menu_order":0,"comment_status":"closed","ping_status":"closed","template":"","meta":[],"acf":[],"yoast_head":"<!-- This site is optimized with the Yoast SEO plugin v19.6.1 - https:\/\/yoast.com\/wordpress\/plugins\/seo\/ -->\n<title>Lista de verificaci\u00f3n del plan de prevenci\u00f3n de hospitalizaci\u00f3n - Stop The Clot, Spread The Word\u00ae<\/title>\n<meta name=\"robots\" content=\"index, follow, max-snippet:-1, max-image-preview:large, max-video-preview:-1\" \/>\n<link rel=\"canonical\" href=\"https:\/\/www.stoptheclot.org\/spreadtheword\/hospitalization-prevention-plan-checklist-2\/\" \/>\n<meta property=\"og:locale\" content=\"en_US\" \/>\n<meta property=\"og:type\" content=\"article\" \/>\n<meta property=\"og:title\" content=\"Lista de verificaci\u00f3n del plan de prevenci\u00f3n de hospitalizaci\u00f3n - Stop The Clot, Spread The Word\u00ae\" \/>\n<meta property=\"og:description\" content=\"[vc_row css=&#8221;.vc_custom_1565108755911{margin-top: 30px !important;}&#8221;][vc_column][mk_fancy_title tag_name=&#8221;span&#8221; margin_bottom=&#8221;0&#8243; font_family=&#8221;none&#8221;]Descargar\u00a0[PDF \u2013 631 KB][\/mk_fancy_title][\/vc_column][\/vc_row][vc_row css=&#8221;.vc_custom_1565707657804{margin-top: 20px !important;background-color: #ffffff !important;}&#8221;][vc_column][mk_image src=&#8221;https:\/\/www.stoptheclot.org\/spreadtheword\/wp-content\/uploads\/2020\/07\/stcsptw-header.jpg&#8221; image_size=&#8221;full&#8221; margin_bottom=&#8221;0&#8243;][\/vc_column][\/vc_row][vc_row css=&#8221;.vc_custom_1595878562910{padding-top: 30px !important;padding-right: 30px !important;padding-left: 30px !important;background-color: #ffffff !important;}&#8221;][vc_column][mk_fancy_title tag_name=&#8221;h1&#8243; color=&#8221;#000000&#8243; size=&#8221;20&#8243; font_weight=&#8221;400&#8243; txt_transform=&#8221;none&#8221; margin_bottom=&#8221;0&#8243; font_family=&#8221;none&#8221; align=&#8221;center&#8221;] \u00bfEn camino al hospital? Hable de esta lista de verificaci\u00f3n del plan de prevenci\u00f3n con el m\u00e9dico. [\/mk_fancy_title][mk_fancy_title tag_name=&#8221;h1&#8243; color=&#8221;#b73838&#8243; [&hellip;]\" \/>\n<meta property=\"og:url\" content=\"https:\/\/www.stoptheclot.org\/spreadtheword\/hospitalization-prevention-plan-checklist-2\/\" \/>\n<meta property=\"og:site_name\" content=\"Stop The Clot, Spread The Word\u00ae\" \/>\n<meta property=\"article:modified_time\" content=\"2020-10-01T14:32:49+00:00\" \/>\n<meta name=\"twitter:label1\" content=\"Est. reading time\" \/>\n\t<meta name=\"twitter:data1\" content=\"5 minutes\" \/>\n<script type=\"application\/ld+json\" class=\"yoast-schema-graph\">{\"@context\":\"https:\/\/schema.org\",\"@graph\":[{\"@type\":\"WebPage\",\"@id\":\"https:\/\/www.stoptheclot.org\/spreadtheword\/hospitalization-prevention-plan-checklist-2\/\",\"url\":\"https:\/\/www.stoptheclot.org\/spreadtheword\/hospitalization-prevention-plan-checklist-2\/\",\"name\":\"Lista de verificaci\u00f3n del plan de prevenci\u00f3n de hospitalizaci\u00f3n - Stop The Clot, Spread The Word\u00ae\",\"isPartOf\":{\"@id\":\"https:\/\/www.stoptheclot.org\/spreadtheword\/#website\"},\"datePublished\":\"2020-09-18T20:46:57+00:00\",\"dateModified\":\"2020-10-01T14:32:49+00:00\",\"breadcrumb\":{\"@id\":\"https:\/\/www.stoptheclot.org\/spreadtheword\/hospitalization-prevention-plan-checklist-2\/#breadcrumb\"},\"inLanguage\":\"en-US\",\"potentialAction\":[{\"@type\":\"ReadAction\",\"target\":[\"https:\/\/www.stoptheclot.org\/spreadtheword\/hospitalization-prevention-plan-checklist-2\/\"]}]},{\"@type\":\"BreadcrumbList\",\"@id\":\"https:\/\/www.stoptheclot.org\/spreadtheword\/hospitalization-prevention-plan-checklist-2\/#breadcrumb\",\"itemListElement\":[{\"@type\":\"ListItem\",\"position\":1,\"name\":\"Home\",\"item\":\"https:\/\/www.stoptheclot.org\/spreadtheword\/\"},{\"@type\":\"ListItem\",\"position\":2,\"name\":\"Lista de verificaci\u00f3n del plan de prevenci\u00f3n de hospitalizaci\u00f3n\"}]},{\"@type\":\"WebSite\",\"@id\":\"https:\/\/www.stoptheclot.org\/spreadtheword\/#website\",\"url\":\"https:\/\/www.stoptheclot.org\/spreadtheword\/\",\"name\":\"Stop The Clot, Spread The Word\u00ae\",\"description\":\"\",\"potentialAction\":[{\"@type\":\"SearchAction\",\"target\":{\"@type\":\"EntryPoint\",\"urlTemplate\":\"https:\/\/www.stoptheclot.org\/spreadtheword\/?s={search_term_string}\"},\"query-input\":\"required name=search_term_string\"}],\"inLanguage\":\"en-US\"}]}<\/script>\n<!-- \/ Yoast SEO plugin. -->","yoast_head_json":{"title":"Lista de verificaci\u00f3n del plan de prevenci\u00f3n de hospitalizaci\u00f3n - Stop The Clot, Spread The Word\u00ae","robots":{"index":"index","follow":"follow","max-snippet":"max-snippet:-1","max-image-preview":"max-image-preview:large","max-video-preview":"max-video-preview:-1"},"canonical":"https:\/\/www.stoptheclot.org\/spreadtheword\/hospitalization-prevention-plan-checklist-2\/","og_locale":"en_US","og_type":"article","og_title":"Lista de verificaci\u00f3n del plan de prevenci\u00f3n de hospitalizaci\u00f3n - Stop The Clot, Spread The Word\u00ae","og_description":"[vc_row css=&#8221;.vc_custom_1565108755911{margin-top: 30px !important;}&#8221;][vc_column][mk_fancy_title tag_name=&#8221;span&#8221; margin_bottom=&#8221;0&#8243; font_family=&#8221;none&#8221;]Descargar\u00a0[PDF \u2013 631 KB][\/mk_fancy_title][\/vc_column][\/vc_row][vc_row css=&#8221;.vc_custom_1565707657804{margin-top: 20px !important;background-color: #ffffff !important;}&#8221;][vc_column][mk_image src=&#8221;https:\/\/www.stoptheclot.org\/spreadtheword\/wp-content\/uploads\/2020\/07\/stcsptw-header.jpg&#8221; image_size=&#8221;full&#8221; margin_bottom=&#8221;0&#8243;][\/vc_column][\/vc_row][vc_row css=&#8221;.vc_custom_1595878562910{padding-top: 30px !important;padding-right: 30px !important;padding-left: 30px !important;background-color: #ffffff !important;}&#8221;][vc_column][mk_fancy_title tag_name=&#8221;h1&#8243; color=&#8221;#000000&#8243; size=&#8221;20&#8243; font_weight=&#8221;400&#8243; txt_transform=&#8221;none&#8221; margin_bottom=&#8221;0&#8243; font_family=&#8221;none&#8221; align=&#8221;center&#8221;] \u00bfEn camino al hospital? Hable de esta lista de verificaci\u00f3n del plan de prevenci\u00f3n con el m\u00e9dico. [\/mk_fancy_title][mk_fancy_title tag_name=&#8221;h1&#8243; color=&#8221;#b73838&#8243; [&hellip;]","og_url":"https:\/\/www.stoptheclot.org\/spreadtheword\/hospitalization-prevention-plan-checklist-2\/","og_site_name":"Stop The Clot, Spread The Word\u00ae","article_modified_time":"2020-10-01T14:32:49+00:00","twitter_misc":{"Est. reading time":"5 minutes"},"schema":{"@context":"https:\/\/schema.org","@graph":[{"@type":"WebPage","@id":"https:\/\/www.stoptheclot.org\/spreadtheword\/hospitalization-prevention-plan-checklist-2\/","url":"https:\/\/www.stoptheclot.org\/spreadtheword\/hospitalization-prevention-plan-checklist-2\/","name":"Lista de verificaci\u00f3n del plan de prevenci\u00f3n de hospitalizaci\u00f3n - Stop The Clot, Spread The Word\u00ae","isPartOf":{"@id":"https:\/\/www.stoptheclot.org\/spreadtheword\/#website"},"datePublished":"2020-09-18T20:46:57+00:00","dateModified":"2020-10-01T14:32:49+00:00","breadcrumb":{"@id":"https:\/\/www.stoptheclot.org\/spreadtheword\/hospitalization-prevention-plan-checklist-2\/#breadcrumb"},"inLanguage":"en-US","potentialAction":[{"@type":"ReadAction","target":["https:\/\/www.stoptheclot.org\/spreadtheword\/hospitalization-prevention-plan-checklist-2\/"]}]},{"@type":"BreadcrumbList","@id":"https:\/\/www.stoptheclot.org\/spreadtheword\/hospitalization-prevention-plan-checklist-2\/#breadcrumb","itemListElement":[{"@type":"ListItem","position":1,"name":"Home","item":"https:\/\/www.stoptheclot.org\/spreadtheword\/"},{"@type":"ListItem","position":2,"name":"Lista de verificaci\u00f3n del plan de prevenci\u00f3n de hospitalizaci\u00f3n"}]},{"@type":"WebSite","@id":"https:\/\/www.stoptheclot.org\/spreadtheword\/#website","url":"https:\/\/www.stoptheclot.org\/spreadtheword\/","name":"Stop The Clot, Spread The Word\u00ae","description":"","potentialAction":[{"@type":"SearchAction","target":{"@type":"EntryPoint","urlTemplate":"https:\/\/www.stoptheclot.org\/spreadtheword\/?s={search_term_string}"},"query-input":"required name=search_term_string"}],"inLanguage":"en-US"}]}},"_links":{"self":[{"href":"https:\/\/www.stoptheclot.org\/spreadtheword\/wp-json\/wp\/v2\/pages\/2224"}],"collection":[{"href":"https:\/\/www.stoptheclot.org\/spreadtheword\/wp-json\/wp\/v2\/pages"}],"about":[{"href":"https:\/\/www.stoptheclot.org\/spreadtheword\/wp-json\/wp\/v2\/types\/page"}],"author":[{"embeddable":true,"href":"https:\/\/www.stoptheclot.org\/spreadtheword\/wp-json\/wp\/v2\/users\/2"}],"replies":[{"embeddable":true,"href":"https:\/\/www.stoptheclot.org\/spreadtheword\/wp-json\/wp\/v2\/comments?post=2224"}],"version-history":[{"count":3,"href":"https:\/\/www.stoptheclot.org\/spreadtheword\/wp-json\/wp\/v2\/pages\/2224\/revisions"}],"predecessor-version":[{"id":2248,"href":"https:\/\/www.stoptheclot.org\/spreadtheword\/wp-json\/wp\/v2\/pages\/2224\/revisions\/2248"}],"wp:attachment":[{"href":"https:\/\/www.stoptheclot.org\/spreadtheword\/wp-json\/wp\/v2\/media?parent=2224"}],"curies":[{"name":"wp","href":"https:\/\/api.w.org\/{rel}","templated":true}]}}